a. List the prime factors of v.
2
Let q = -42 - -84. What are the prime factors of q?
2, 3, 7
Let n = 71 + 14. What are the prime factors of n?
5, 17
What are the prime factors of ((-2304)/28)/3*(-14)/2?
2, 3
Suppose b - 5*a + 251 = 2*b, 5*b - 4*a = 1284. List the prime factors of b/14 + 16/(-56).
2, 3
Let n be 12/2*(-1 + 2). Let p = 13 - n. List the prime factors of p.
7
Let o(d) = d - 3*d**2 - 1 + 0*d + 12*d**2. What are the prime factors of o(1)?
3
Suppose 0 = 10*c - 4*c - 354. What are the prime factors of c?
59
Let r be (5/10)/(1/12). List the prime factors of (-1 - 1)/(r/(-51)).
17
Suppose 0*z - 138 = -z + q, -4*q - 12 = 0. What are the prime factors of z?
3, 5
Let c(b) = b**3 - 6*b**2 + 5*b - 1. Let y be c(5). Let o be 3 + (2/y - -6). Suppose 0 = -x - n - 1 + o, -4*n + 12 = 0. List the prime factors of x.
3
Let i(y) = -2*y**2 - 10*y + 7. What are the prime factors of i(-5)?
7
Suppose -204 = -4*g - 2*g. What are the prime factors of g?
2, 17
Let a(k) = -k**3 + 6*k**2 - 5*k + 2. Let p be a(5). Let r be (p - 0)/2 + -2. List the prime factors of (r + -11)*5/(-10).
2, 3
Suppose -2*p = -5*p + 24. Let c = 15 - p. Let v(n) = n**3 - 7*n**2 + n - 2. What are the prime factors of v(c)?
5
Suppose 2*t - 3*z = -8, 2*t - z = -2*t + 4. Suppose 3*p - 18 = -3. Suppose -4*u = y - 19, -y + p*u - 2 = t*u. List the prime factors of y.
7
Let m = -46 + 66. What are the prime factors of m?
2, 5
Suppose -4*c - 4 = -28. Suppose c*m - 296 = 2*m. List the prime factors of m/6 - (-7)/(-21).
2, 3
Let r(k) = -k**2 - 9*k - 2. Let a(m) = -m**2 - 6*m + 1. Let h be a(-7). Let s be r(h). Let c = -4 + s. What are the prime factors of c?
2, 3
Suppose 2*d - 162 = -4*f, 2*d = 3*d + f - 80. What are the prime factors of d?
79
Suppose 0 = 4*g - 194 - 54. List the prime factors of g.
2, 31
Let x = -23 - -54. Suppose 4*h - x = -3. Suppose 0 = -5*d - h + 27. What are the prime factors of d?
2
Let m = -9 - -14. Suppose 5*f - m*z = 50, -5*f + f + z = -43. List the prime factors of f.
11
Suppose -l = -4*f + 152, 171 = 5*f + 4*l + 2. List the prime factors of f.
37
Let o = -14 - -11. Let t = 25 + -16. What are the prime factors of t + (o/(-1))/(-3)?
2
Suppose 2*j - 6*j = 5*x - 19, -3*x = -3*j - 6. What are the prime factors of 4 - 0/(9/x)?
2
Let l = 1 - -2. Suppose 4*v + 5*o = 21, 0 = -4*v - l*o + 4 + 15. What are the prime factors of v?
2
Let w(u) = -u**2 - 13*u + 18. Let l be w(-14). Suppose 204 - 64 = l*d. List the prime factors of d.
5, 7
Let m(j) = -2*j**3 - 3*j**2 + j - 5. List the prime factors of m(-3).
19
What are the prime factors of 15/(-5) + 1*10?
7
Let k(p) = 2*p**3 - 4*p**2 + p - 1. Let a be k(3). List the prime factors of ((-16)/a)/((-1)/10).
2
Let x = -12 + 15. Suppose 3*r - 9 = 0, o - 16 + 0 = -x*r. List the prime factors of o.
7
Suppose 0 = -4*q - 269 + 917. Suppose 4*h + s = -54 + q, -2*h = 2*s - 60. Suppose 5*o = 3*f + 42, -o + 4*o - f = h. List the prime factors of o.
3
Suppose 33 = 3*s + 6. Suppose 0 = -3*b - 0*b - s. List the prime factors of ((-5)/(-2))/(b/(-6)).
5
Let n = -7 + 18. Let i = n - 5. List the prime factors of i.
2, 3
Let z(h) = -21*h - 9. List the prime factors of z(-7).
2, 3, 23
Let g(a) = -a**3 + 4*a**2 + 4. Let j be g(4). Suppose -2*d + 7 = 4*l + 23, j*l = 5*d - 30. Suppose f - 1 - d = 0. List the prime factors of f.
3
Suppose -37 + 28 = -3*h. Suppose -2*t = 3*q - 139, 4*q - 190 = -2*t - h*t. What are the prime factors of q?
3, 5
Let s(f) = -3*f + 16. List the prime factors of s(-14).
2, 29
Let g(s) = 9*s + 69. What are the prime factors of g(20)?
3, 83
Let i(j) = -j**2 + 14*j + 6. What are the prime factors of i(12)?
2, 3, 5
Suppose -19 = -2*b - 3*d, 2*b + 5*d - 41 = -2*b. Suppose 4*t - 12 = -0*t. Suppose b = t*c - 28. List the prime factors of c.
2, 7
Let b(c) = c**3 - c**2 + c. Let w be b(0). What are the prime factors of (-5 - w/3)*-1?
5
Let f = -5 - -11. What are the prime factors of f?
2, 3
Suppose 108 = 9*n - 8*n. What are the prime factors of n?
2, 3
List the prime factors of ((-23)/(-3) - -1)*6.
2, 13
Let u(a) be the third derivative of a**6/120 + a**5/10 + a**4/24 + 4*a**3/3 - 3*a**2. Let g be u(-6). Suppose 65 = g*y + 3*y. List the prime factors of y.
13
Let u(b) = -b + 10. Let t be u(7). Let s = 38 + -18. Suppose t*z + 8 = s. What are the prime factors of z?
2
List the prime factors of (10 - 81)*(-7 - -2)*1.
5, 71
Suppose 5*y - k - 144 = 11, 4*y = 5*k + 145. Suppose a - y = -3*x, 3*a = 3*x - 4*x + 2. What are the prime factors of x?
11
Suppose -5*f + 2*f + 150 = 4*w, -255 = -5*f - 5*w. Let g = -24 + f. List the prime factors of g.
2, 3, 5
List the prime factors of 714/10 + 20/(-50).
71
Suppose -3*w + 321 + 299 = 5*u, -5*w = -5*u + 660. What are the prime factors of u?
127
Let u = 492 - 323. Suppose p = -3*a + 20 + 88, 2*p = 5*a - u. List the prime factors of a.
5, 7
Let y(s) be the third derivative of s**5/30 + s**4/24 + s**3/3 - s**2. What are the prime factors of y(-3)?
17
Suppose 0*p - 2*p - 30 = 4*c, 4*p = -c - 18. Let d be (-42)/(-4)*(-8)/c. Let j = 23 - d. List the prime factors of j.
3
Let m(v) = -v**3 + 2*v**2 + 22*v + 14. What are the prime factors of m(-6)?
2, 5, 17
Let q = 116 - 48. List the prime factors of q.
2, 17
Suppose r = 3*u + 1, -3*r - 2 = -5*r - 3*u. Suppose s - r = 1. List the prime factors of (s*(-18)/(-4))/1.
3
Let k(a) = -2*a. Let d be k(-1). Let q(r) = -r + 8 + 2 + d*r. List the prime factors of q(0).
2, 5
Suppose 0 = -2*c + 3*g + 65, -5 = 3*g + 10. Suppose -3*b + c = 2*b. Suppose -4*o + 23 = 3*s - 5*o, b*s = -o + 41. List the prime factors of s.
2
Let w = 5 - 3. Let h be w/(-5) + (-54)/15. List the prime factors of 1*8*(-5)/h.
2, 5
Let t(r) = r - 2. Let z(b) = -b + 2. Let i(w) = -4*t(w) - 5*z(w). Let h be i(3). Suppose k + h = 8. List the prime factors of k.
7
Suppose -15 = -0*j - 3*j. Suppose 2*y - 20 = -4*b, -j*y + 2*y + 2*b + 6 = 0. What are the prime factors of y?
2
Let g(u) = -4*u**3 + u + 1. Let f be g(-1). Suppose -5*n + f*b = -40, -n + 4*b + 24 = 2*n. What are the prime factors of n?
2
Suppose 79 = -4*w - 81. Let x be (-55 + 5)*8/20. Let d = x - w. List the prime factors of d.
2, 5
Let l(r) = -55*r**3 - 2*r**2 - 4*r - 3. List the prime factors of l(-1).
2, 3
Let q(f) = 2*f**2 - 4*f + 3. Let b be q(2). Suppose -r + 24 = -b*r. Let p = r - -17. What are the prime factors of p?
5
Suppose -4*z + 3*a + 1515 = 4*a, -1518 = -4*z + 2*a. What are the prime factors of z?
379
Let v be (-2 + 22)/2 + -2. Suppose -2*z = -r + 3, -2*r + v = -r - z. List the prime factors of r.
13
Let q = 9 - 12. List the prime factors of q/2 + 18/4.
3
What are the prime factors of 5*(3 - -11) + (-2 - 2)?
2, 3, 11
Let x be ((-8)/12)/((-2)/6). Let m be x/3*54/4. Suppose 4*l - m*l = -c + 7, 0 = -c + 4*l + 8. What are the prime factors of c?
2, 3
Let i = -34 + 80. What are the prime factors of i?
2, 23
Suppose 4*s + 108 = 4*b, 3*s + 103 = -4*b + 22. What are the prime factors of (-3)/((s/(-48))/(-3))?
2
Suppose 0 = -3*l + 5 - 2. Let f be l + 1 - (-68)/2. Suppose -3*t + t + f = 2*y, 3*y - t = 66. List the prime factors of y.
3, 7
Suppose 4*f = 16, -f = -5*w + 2 - 31. List the prime factors of (-132)/w + 8/(-20).
2, 13
Suppose 6*k - 3*k = 0. Suppose k - 11 = i. Let t = i - -35. What are the prime factors of t?
2, 3
Suppose 4*i - 2*i - 2 = 0. Let f be i*(-3 + 3 - -1). Let q(p) = 10*p. List the prime factors of q(f).
2, 5
Suppose 4*v - 18 = 6. Suppose -9*j + 48 = -v*j. What are the prime factors of j?
2
Suppose -4*z = 40 - 148. What are the prime factors of z?
3
Let d = 4 - 6. Let n be (0 - d) + (-1)/(-1). What are the prime factors of n/(2 + 3/(-6))?
2
Let n be 165/(-10) - 3/2. Suppose 5*j + 0*m = -m + 126, 0 = -4*j + 2*m + 98. Let q = n + j. List the prime factors of q.
7
Suppose 0*g - g + 14 = 0. Suppose -g - 1 = -c. Suppose 0 = 2*z - c - 13. List the prime factors of z.
2, 7
Let g be 14 + -17 - (-122 + -1). Suppose -g = -7*o + 3*o. What are the prime factors of o?
2, 3, 5
Let z be (2*-2)/(-2) + -3. Let a(t) = 9*t - 1. Let l be a(z). Let m = -1 - l. What are the prime factors of m?
3
Suppose -3*w = -425 - 478. List the prime factors of w.
7, 43
What are the prime factors of 1/7 - 1840/(-56)?
3, 11
Suppose 0 = -2*n - n. Suppose d = -n*d + 2. List the prime factors of d.
2
Let v = 2 + 3. Let t(k) = -k**2 + 5*k + 12. List the prime fact